{"id":11,"date":"2016-08-02T15:25:23","date_gmt":"2016-08-02T15:25:23","guid":{"rendered":"http:\/\/mchm.ch\/neu\/?page_id=11"},"modified":"2024-06-14T16:12:18","modified_gmt":"2024-06-14T14:12:18","slug":"sponsoren","status":"publish","type":"page","link":"https:\/\/mchm.ch\/neu\/?page_id=11","title":{"rendered":"Sponsoren"},"content":{"rendered":"<p><a href=\"http:\/\/www.mchm.ch\" target=\"_blank\" rel=\"noopener noreferrer\"><img loading=\"lazy\" decoding=\"async\" class=\"alignnone wp-image-961\" src=\"http:\/\/mchm.ch\/neu\/wp-content\/uploads\/2016\/08\/cropped-cropped-Logo_Text-300x231.bmp\" alt=\"cropped-cropped-Logo_Text.bmp\" width=\"98\" height=\"76\" srcset=\"https:\/\/mchm.ch\/neu\/wp-content\/uploads\/2016\/08\/cropped-cropped-Logo_Text-300x231.bmp 300w, https:\/\/mchm.ch\/neu\/wp-content\/uploads\/2016\/08\/cropped-cropped-Logo_Text.bmp 555w\" sizes=\"auto, (max-width: 98px) 100vw, 98px\" \/><\/a>Hier k\u00f6nnte Ihr Logo mit einem Link und einer Mitteilung stehen!<\/p>\n<p class=\"bodytext\"><!-- created by devita-design | aid for the stunning online-performance This website is powered by TYPO3 - inspiring people to share! TYPO3 is a free open source Content Management Framework initially created by Kasper Skaarhoj and licensed under GNU\/GPL. TYPO3 is copyright 1998-2012 of Kasper Skaarhoj. Extensions are copyright of their respective owners. Information and contribution at http:\/\/typo3.org\/ -->Bei Interesse oder Fragen z\u00f6gern Sie bitte nicht. Senden Sie ein Mail an unseren Pr\u00e4sidenten Hans Zwicky:<\/p>\n<p class=\"bodytext\">hakazet@hotmail.com<\/p>\n","protected":false},"excerpt":{"rendered":"<p>Hier k\u00f6nnte Ihr Logo mit einem Link und einer Mitteilung stehen! Bei Interesse oder Fragen z\u00f6gern Sie bitte nicht. Senden Sie ein Mail an unseren Pr\u00e4sidenten Hans Zwicky: hakazet@hotmail.com<\/p>\n","protected":false},"author":3,"featured_media":0,"parent":0,"menu_order":0,"comment_status":"closed","ping_status":"closed","template":"","meta":{"ngg_post_thumbnail":0,"footnotes":""},"class_list":["post-11","page","type-page","status-publish","hentry"],"_links":{"self":[{"href":"https:\/\/mchm.ch\/neu\/index.php?rest_route=\/wp\/v2\/pages\/11","targetHints":{"allow":["GET"]}}],"collection":[{"href":"https:\/\/mchm.ch\/neu\/index.php?rest_route=\/wp\/v2\/pages"}],"about":[{"href":"https:\/\/mchm.ch\/neu\/index.php?rest_route=\/wp\/v2\/types\/page"}],"author":[{"embeddable":true,"href":"https:\/\/mchm.ch\/neu\/index.php?rest_route=\/wp\/v2\/users\/3"}],"replies":[{"embeddable":true,"href":"https:\/\/mchm.ch\/neu\/index.php?rest_route=%2Fwp%2Fv2%2Fcomments&post=11"}],"version-history":[{"count":29,"href":"https:\/\/mchm.ch\/neu\/index.php?rest_route=\/wp\/v2\/pages\/11\/revisions"}],"predecessor-version":[{"id":8521,"href":"https:\/\/mchm.ch\/neu\/index.php?rest_route=\/wp\/v2\/pages\/11\/revisions\/8521"}],"wp:attachment":[{"href":"https:\/\/mchm.ch\/neu\/index.php?rest_route=%2Fwp%2Fv2%2Fmedia&parent=11"}],"curies":[{"name":"wp","href":"https:\/\/api.w.org\/{rel}","templated":true}]}}