{"id":4681,"date":"2016-11-12T23:46:13","date_gmt":"2016-11-12T22:46:13","guid":{"rendered":"http:\/\/mchm.ch\/neu\/?page_id=4681"},"modified":"2026-03-18T19:30:18","modified_gmt":"2026-03-18T18:30:18","slug":"unser-dirigent","status":"publish","type":"page","link":"https:\/\/mchm.ch\/neu\/?page_id=4681","title":{"rendered":"Unser Dirigent"},"content":{"rendered":"<p class=\"western\"><span style=\"color: #000080;\">Zurzeit haben wir keinen eigenen Dirigenten. Wir proben jeweils am Freitagabend zusammen mit dem M\u00e4nnerchor Wigoltingen unter der Leitung von Nata<span style=\"font-family: HelveticaNeueLT Com 55 Roman;\">\u0161<\/span>a <span style=\"font-family: HelveticaNeueLT Com 55 Roman;\">\u017d<\/span>i<span style=\"font-family: HelveticaNeueLT Com 55 Roman;\">\u017e<\/span>akov.<\/span><\/p>\n<p>&nbsp;<\/p>\n","protected":false},"excerpt":{"rendered":"<p>Zurzeit haben wir keinen eigenen Dirigenten. Wir proben jeweils am Freitagabend zusammen mit dem M\u00e4nnerchor Wigoltingen unter der Leitung von Nata\u0161a \u017di\u017eakov. &nbsp;<\/p>\n","protected":false},"author":3,"featured_media":0,"parent":0,"menu_order":0,"comment_status":"closed","ping_status":"closed","template":"","meta":{"ngg_post_thumbnail":0,"footnotes":""},"class_list":["post-4681","page","type-page","status-publish","hentry"],"_links":{"self":[{"href":"https:\/\/mchm.ch\/neu\/index.php?rest_route=\/wp\/v2\/pages\/4681","targetHints":{"allow":["GET"]}}],"collection":[{"href":"https:\/\/mchm.ch\/neu\/index.php?rest_route=\/wp\/v2\/pages"}],"about":[{"href":"https:\/\/mchm.ch\/neu\/index.php?rest_route=\/wp\/v2\/types\/page"}],"author":[{"embeddable":true,"href":"https:\/\/mchm.ch\/neu\/index.php?rest_route=\/wp\/v2\/users\/3"}],"replies":[{"embeddable":true,"href":"https:\/\/mchm.ch\/neu\/index.php?rest_route=%2Fwp%2Fv2%2Fcomments&post=4681"}],"version-history":[{"count":3,"href":"https:\/\/mchm.ch\/neu\/index.php?rest_route=\/wp\/v2\/pages\/4681\/revisions"}],"predecessor-version":[{"id":8848,"href":"https:\/\/mchm.ch\/neu\/index.php?rest_route=\/wp\/v2\/pages\/4681\/revisions\/8848"}],"wp:attachment":[{"href":"https:\/\/mchm.ch\/neu\/index.php?rest_route=%2Fwp%2Fv2%2Fmedia&parent=4681"}],"curies":[{"name":"wp","href":"https:\/\/api.w.org\/{rel}","templated":true}]}}

<p class="western"><span style="color: #000080;">Zurzeit haben wir keinen eigenen Dirigenten. Wir proben jeweils am Freitagabend zusammen mit dem Männerchor Wigoltingen unter der Leitung von Nata<span style="font-family: HelveticaNeueLT Com 55 Roman;">š</span>a <span style="font-family: HelveticaNeueLT Com 55 Roman;">Ž</span>i<span style="font-family: HelveticaNeueLT Com 55 Roman;">ž</span>akov.</span></p>
<p>&nbsp;</p>

<p>Zurzeit haben wir keinen eigenen Dirigenten. Wir proben jeweils am Freitagabend zusammen mit dem Männerchor Wigoltingen unter der Leitung von Nataša Žižakov. &nbsp;</p>
